culate the highest common factor of k and 220.
20
Suppose 13 = 5*d - 2. Suppose -x - 62 = -4*l + x, -2*x = -d*l + 47. Suppose -4*o + 4*j = -48, -o - 4*j + 18 = -9. What is the highest common factor of l and o?
15
Let b = -3 - 0. Let w = 3 - b. Calculate the highest common divisor of 30 and w.
6
Suppose 29 - 77 = -2*d. Suppose 0 = -13*x + 9*x + d. Calculate the greatest common factor of x and 4.
2
Suppose 0 = -3*b - 6 - 12. Let a be (-8)/b*(1 + 5). Suppose 0 = -3*d - 0*q - q + 168, -3*q = -3*d + 168. Calculate the highest common divisor of a and d.
8
Let z be (-1)/3 - (-8)/(-12). Let h be (15 - 1) + z - -2. Suppose -a - 2*a + 18 = 0. What is the greatest common divisor of a and h?
3
Suppose g - 87 = -0*g + 2*f, -g = -f - 89. Let v(n) = -n**3 + 5*n**2 + 3. Let x be v(5). Suppose -x*y = -34 - 5. What is the greatest common divisor of g and y?
13
Suppose m - b = 14, -4*m - b = -18 - 28. Let z = 126 + -18. Calculate the greatest common factor of m and z.
12
Let f = -2 - -5. Let o be (12/(-6))/(4/(-6)). Suppose 0 = -o*q + 5 + 31. What is the highest common divisor of f and q?
3
Let v(s) = -s**3 + 9*s**2 + 9. Let h be v(9). Suppose j - 36 = -3*j. Calculate the highest common factor of j and h.
9
Let i = -121 - -133. What is the highest common divisor of 36 and i?
12
Let n(t) = -t**3 + 8*t**2 - 4*t + 9. Let a be n(7). Suppose 5*x + 23 = 3*r, -6*r + 34 = -r - 4*x. What is the greatest common factor of a and r?
6
Suppose 18 = -4*u - 14. Let y be 9/(-12) - (-2)/u. Let h(p) = -95*p**3 + p**2 + p + 1. Let n be h(y). What is the greatest common divisor of 12 and n?
12
Let k be 48/9*(-18)/(-8). Let b = -31 + 55. What is the highest common divisor of b and k?
12
Let k = -80 + 170. Suppose k = 5*h - 0*h. Let t = -17 + 35. What is the highest common divisor of t and h?
18
Let r be 9/2 - 9/6. Suppose 3*g - 7 = -u, -18 = -2*u - g - r*g. Suppose -4*k - 4*h - 5 = -61, 2*k = -3*h + 29. What is the highest common factor of k and u?
13
Suppose -47 - 53 = -2*v. Suppose -x + 2*c + 10 = 0, -2*c + 0*c = -5*x + v. Suppose -76 = -3*k - x. What is the highest common divisor of 55 and k?
11
Let m be (-9)/((-2)/6 - 0). Let n = 29 - 11. Let o = m - n. What is the highest common divisor of o and 99?
9
Suppose 143 = 5*v + 23. Let l be ((-18)/21 + 0)*-7. Calculate the greatest common factor of v and l.
6
Let o be ((-3)/((-3)/391))/1. Suppose -4*f = 71 - o. What is the highest common factor of 20 and f?
20
Let q be (-2)/16 - (-2 - (-434)/(-16)). Calculate the highest common factor of q and 203.
29
Let r(w) = -2*w - 30. Let m(t) = -t - 12. Let i(d) = -12*m(d) + 5*r(d). Let b be i(4). What is the highest common divisor of b and 8?
2
Let a = -60 + 105. Let h be (6 + 6/2)*1. Calculate the highest common factor of a and h.
9
Suppose a = -4*a + 125. Let c = a - 16. Let f = 60 + -15. What is the greatest common factor of f and c?
9
Suppose -3*z - 3*o = -60, 0*z + 3*o = -z + 24. Calculate the highest common divisor of 18 and z.
18
Let q = -6 + 10. Suppose 27 = -t + q*t. Let f(n) = 2*n - 21. Let s be f(12). What is the highest common factor of t and s?
3
Let t = -24 + -9. Let n = -14 - t. Let i = -41 + 60. What is the greatest common factor of n and i?
19
Let j(p) = p**3 - 31*p**2 + 13*p - 23. Let u be j(31). What is the highest common divisor of 20 and u?
20
Let q = -32 + -16. Let n = q + 108. What is the greatest common divisor of 40 and n?
20
Let n = -15 - -25. Suppose 0 = 5*m - n*m + k + 490, -5*m - 5*k = -520. Let z be (-110)/(-12) - 7/42. What is the highest common divisor of z and m?
9
Let v be 102 - 3*16/12. What is the highest common factor of 14 and v?
14
Let j(n) = -4*n + 1. Let a be j(-2). Suppose -6 = -5*i + a. Suppose -3*d - i + 63 = 0. What is the greatest common divisor of d and 50?
10
Let s(z) = -14*z + 3. Let u be s(2). Let v = u - -158. What is the greatest common factor of 19 and v?
19
Let f = 3 + 29. What is the greatest common divisor of 352 and f?
32
Let z = 70 - 38. Suppose -r + 4*x + 100 = 0, 3*r - 201 - 54 = 3*x. Calculate the greatest common divisor of r and z.
16
Suppose 2*h + 5 = -c + 4*c, -3*c + 9 = 0. What is the greatest common factor of 14 and h?
2
Let w(v) = v**3 - 17*v**2 - 16*v - 20. Let h be w(18). Suppose -2*j - 80 = 5*x - 311, -4*j - 2*x = -502. What is the greatest common divisor of h and j?
16
Suppose 1 = 15*k - 179. What is the highest common divisor of 30 and k?
6
Let q(v) = -2*v**3 + v**2 - 2*v + 14. Let n be q(0). Calculate the greatest common factor of n and 7.
7
Let m(s) = s**3 - s**2 + 1. Let h(z) = -4*z**3 + 2*z**2 + 3*z - 1. Let p(q) = h(q) + 5*m(q). Let y be p(3). What is the highest common factor of 117 and y?
13
Let d be 6/21 - (-2)/(-7). Suppose d*a - a = -18. What is the highest common divisor of 9 and a?
9
Suppose 0 = 3*z - 3 + 15. Let a be 0 - (z - -2) - -42. Let b = 52 + a. What is the highest common factor of 12 and b?
12
Let r be (3/2)/((-6)/(-224)). Let j = -13 - -14. Let u = j + 7. What is the highest common divisor of r and u?
8
Let l = -46 - -70. What is the greatest common factor of l and 16?
8
Let u(q) = -2*q**3 - 3*q**2 + 2*q + 3. Let h be u(-3). Let t be ((-6)/(-4))/(h/304). What is the highest common factor of 171 and t?
19
Suppose -g = -5*z + z + 20, 5*z - 3*g = 32. Suppose -z*l = -5*u + 200, -40 = 2*u - 2*l - 118. Let n = -2 + 6. Calculate the greatest common factor of u and n.
4
Let l = 66 - -39. Suppose f + 45 = 4*f. What is the highest common factor of l and f?
15
Suppose -10*c = -11*c + 81. What is the highest common divisor of c and 9?
9
Let l be 1196/20 - (-1)/5. Let i be (-1 - 1)/((-6)/45). What is the greatest common divisor of i and l?
15
Let x = -21 - -22. Calculate the highest common factor of x and 4.
1
Let g be 84/(-6)*2/(-4). Let w be (6 - g)/((-1)/60). Calculate the greatest common factor of w and 12.
12
Suppose -4*n + 6*n = 72. Suppose 2*d - 5*d - 2*w = -n, 2*w - 26 = -2*d. Let t = -103 - -153. Calculate the highest common factor of t and d.
10
Suppose -3 = -d, 5*d = -6*u + 4*u + 23. Calculate the highest common divisor of u and 8.
4
Let w(l) = 4*l - 4. Let a(m) = m + 1. Let y(g) = -3*a(g) - w(g). Let s be y(-5). Calculate the greatest common factor of 18 and s.
18
Suppose -2*o = -5*k - 4, 5*k - 3 = -3*o + 3. Suppose 0 = o*i + 14 - 210. What is the greatest common divisor of 14 and i?
14
Let a = -198 - -278. Suppose 0*m + 2*m + a = 2*f, 4*f - m - 148 = 0. Let s be 656/f + 2/(-9). Calculate the greatest common factor of s and 6.
6
Suppose 0 = -5*i + 3*i + 90. Calculate the highest common factor of 18 and i.
9
Suppose -j = -3, 7*j - 881 = -5*m + 5*j. Let s be -1 - (25*-1 + -1). Calculate the highest common divisor of s and m.
25
Let p = -6 + -3. Let d be (-138)/(-9) + 3/p. Calculate the highest common divisor of 10 and d.
5
Let g be 12/5 - 6/15. Let w = g - 4. Let q be 39 + (-1)/(1 + w). Calculate the highest common factor of q and 5.
5
Suppose 3*l - 128 = 76. Suppose 5*h = -8 + l. Suppose 2*z - 14 = -5*w, 3*w - w = -4*z + h. What is the highest common factor of w and 16?
2
Let i be 2/(-6) - 40/(-3). Let a(o) = 62*o + 19. Let l be a(2). What is the highest common factor of l and i?
13
Let j be 3*3/(-9) - -13. What is the greatest common factor of j and 132?
12
Suppose -x = z - 2 - 4, 0 = z - 3*x - 18. What is the highest common divisor of 63 and z?
9
Let u = 41 + -11. What is the highest common divisor of u and 20?
10
Let g be (-6)/27 - (-34)/(-9). Let o = 5 - g. What is the highest common factor of 9 and o?
9
Let h(u) = -2*u - 6. Let f be h(-4). Suppose 3*p - 84 = -2*p - f*l, -2*p - l + 33 = 0. Suppose -n - 2*n = -135. Calculate the highest common factor of n and p.
9
Suppose -4*g + 55 = -3*m, 5*m = -3 - 2. Let s = g - -2. Calculate the highest common factor of s and 30.
15
Let r be (0 - -1) + (5 - -60). Suppose x - 12 = r. Let l be 52/8*(1 + 1). Calculate the greatest common factor of l and x.
13
Let b(a) = a - 1. Let s be b(8). Let z = 8 - s. Let w(r) = 81*r**3 - r**2 + r - 1. Let j be w(z). Calculate the greatest common factor of 16 and j.
16
Let t(u) = u**3 - 15*u**2 + 14*u + 2. Let w be t(14). Calculate the highest common divisor of 14 and w.
2
Let p = -13 + 18. Suppose -5*z + 5 + p = 0. Suppose 0*d = z*d - 60. What is the highest common factor of 20 and d?
10
Suppose 3*c = 3*v - 121 + 355, -c - 